- 8. Suppose 5*w = 5*s + 30, -3*w + 16 = -5*s - 16. Let q be d(s). Let f = -142 + 202. What is the greatest common factor of q and f?
30
Let b(x) = 8*x + 216. Let k be b(-24). Suppose -5*y - k*l + 158 = -20*l, -94 = -3*y - 2*l. Calculate the greatest common divisor of y and 750.
30
Suppose 2*g - 3*h = -g + 384, -g - 4*h = -118. Suppose -19*d + g = -12*d. Calculate the highest common factor of d and 126.
18
Let r(j) = -4*j**2 + 97*j - 11. Let c(f) = -9*f**2 + 196*f - 23. Let q(i) = 2*c(i) - 5*r(i). Let w be q(47). Calculate the highest common factor of 70 and w.
14
Let v(o) = -4*o**2 + 170*o - 79. Let r be v(42). What is the highest common factor of 1915 and r?
5
Let d = 139 + -218. Let c = 88 + d. What is the highest common factor of 3 and c?
3
Suppose -139 + 655 = 3*m. Suppose -8*s + 156 = -m. Calculate the greatest common divisor of 656 and s.
41
Let w be 6/5*7*20. Let h = -474878 - -474890. Calculate the highest common divisor of w and h.
12
Let h(p) = 13*p**2 + 144*p + 29. Let w be h(-11). What is the highest common factor of w and 642?
6
Let w = 2221 - 2156. Calculate the greatest common divisor of w and 650.
65
Let k = 1337 - 1191. What is the greatest common divisor of 1971 and k?
73
Let x = -173 + 168. Let a be -19 + 55 + x + -1. Calculate the highest common divisor of a and 6.
6
Let b = 124 - 128. Let h be (b - 0)*(-42)/4. What is the highest common factor of h and 98?
14
Suppose -112*i + 2250 = -122*i. Let u be ((-50)/(-75))/(1 - (-224)/i). What is the greatest common factor of 250 and u?
50
Let o(v) = 204 + 51*v + 36*v - 150*v + 38*v. Let w be o(6). Calculate the highest common factor of w and 36.
18
Let c(x) = -x**2 - 8*x - 8. Let h be c(-6). Suppose 2*l - 84 = -4*n, 119 - 31 = h*n + 3*l. Suppose n = 6*w - 35. Calculate the highest common factor of w and 9.
9
Let y = -342 - -886. Suppose -2*z + a = -6 - 8, -22 = -3*z + a. What is the highest common factor of z and y?
8
Suppose -5*x - 4*c = -159, 2*x + 7*c = 30 + 12. Calculate the highest common factor of 497 and x.
7
Let d be 1*(1 - 0) - (-34 + 7). Suppose 0 = -13*u + 80 - d. Suppose -2*y + 7*y = -f + 150, u*y - 101 = 3*f. Calculate the greatest common divisor of y and 58.
29
Let g(o) = 21*o**2 + 2685*o - 184. Let t be g(-128). What is the highest common divisor of t and 2200?
200
Let f be (1/5 - 1)/((-295)/1475) - -438. Calculate the greatest common divisor of 578 and f.
34
Suppose -2*j + 2*f + 16 = 0, 2*f + 1 + 6 = -j. Let y be 4/(-36)*-753*j. Let k be 0/1 + -9 + y. What is the greatest common factor of k and 22?
22
Suppose 0 = -i - 5. Let u be 895 - (2/(-2) - i). Suppose 0 = c + 8*c - u. Calculate the highest common divisor of 11 and c.
11
Suppose 3*w + 0*w + 15 = 0, -4*t - w = -11. Suppose 0*h + t*h - 166 = -5*p, 84 = 2*h + 2*p. Calculate the greatest common factor of h and 176.
44
Suppose 4*x - 120 = -x. Let y be (x/4*-1)/(-2). Suppose 0*s = -i - s + 12, 4*i - 46 = -y*s. Calculate the greatest common factor of i and 10.
10
Let s = -4 - -107. Let p = 128 + s. What is the greatest common divisor of 11 and p?
11
Suppose -6*l = -7*l + 95. Let q be 16 + (4 - -2)*5/(-5). What is the greatest common divisor of l and q?
5
Let v be 0 - 1203/(-15) - (-1)/(-5). Suppose c + v + 270 = 0. Let j = -250 - c. Calculate the highest common divisor of 25 and j.
25
Suppose -44*f = -25*f - 148219. What is the greatest common divisor of 87 and f?
29
Let i(m) = -m**2 + 37*m - 288. Let h be i(19). Suppose 0*y = -y + 2. Let d be 592 + (y - 0/(-3)). What is the greatest common divisor of h and d?
54
Let d = -122 + 206. Let g be (8/6)/(99/10395). What is the highest common divisor of g and d?
28
Suppose -5*i + 20*i - 64 = 221. Suppose -34 - 23 = -n. What is the highest common divisor of n and i?
19
Let p = 2158 - 2122. What is the greatest common divisor of p and 534?
6
Suppose 2*o + 10 - 30 = 0. Let v be (o/(-2))/((-4)/20). Suppose 4*b = -100*d + 112*d - 1184, 292 = 3*d - 2*b. What is the highest common factor of v and d?
25
Let g be (-28 - 116)/(((-18)/4)/3). Let i = 286 - g. Calculate the greatest common divisor of i and 76.
38
Let n be (4 + -6)*10/(-4). Suppose -8764 - 5102 = -211*y + 7234. Calculate the greatest common divisor of y and n.
5
Let m be -3*(-19)/(304/5120). What is the highest common divisor of 2460 and m?
60
Let w be (21/9*(-3)/(-2))/((-8)/(-2592)). What is the greatest common divisor of 3483 and w?
81
Let y be 9 + (13 - 7) + 5. Let q = 5 + -2. Let l(f) = 20*f. Let a be l(q). Calculate the highest common factor of y and a.
20
Suppose -513 = -6*n + 399. Suppose 2*p - 4 = 2. Let o be (-5 + p)/1 + 40. Calculate the highest common divisor of n and o.
38
Let h(g) be the third derivative of -g**5/60 + 7*g**4/12 - 11*g**3/3 + 2*g**2 - 1. Let f be h(10). What is the highest common divisor of f and 6?
6
Let c(v) be the third derivative of v**5/60 - v**4/12 - v**3/6 + 15*v**2. Let u be c(6). Let r = u + -4. What is the highest common factor of r and 76?
19
Let x(f) = -9*f**2 - 33*f + 8. Let m be x(-4). Let p be -3 - 1698/m*(-36)/(-54). What is the highest common factor of p and 84?
28
Let a be 60/(-280)*-238*(0 + (-830)/(-6)). Calculate the highest common factor of a and 255.
85
Suppose 134*a - 294 = 127*a. Let l be 0 - (-1 - (-3)/((-12)/1340)). What is the greatest common divisor of a and l?
42
Let d be 5*(21 + 453912/120). Calculate the greatest common factor of d and 148.
74
Let x = 88 + -134. Let s be (x/69)/(1/(-213)). Suppose j + 3*z = 3*j - s, 66 = j + z. Calculate the greatest common divisor of 102 and j.
34
Suppose -3*v + 250 = 5*w, 4*w + 5*v + 51 = 264. Let h = 72 + w. What is the greatest common divisor of h and 7?
7
Let s(q) = -q**3 + 27*q**2 - 147*q - 49. Let g be s(19). Let t be (-201)/6 + (-6)/4. Let l = t - -58. What is the greatest common divisor of l and g?
23
Let y be (1/4)/(6/3480). Suppose 2*b + 4*g - 58 = 0, 3*g + 9 = 3*b - 78. What is the greatest common factor of y and b?
29
Let c = -676 - -770. What is the highest common divisor of c and 3?
1
Let o(d) = 7*d - 17. Let u be 51/4 + -6 - (-2)/8. Let v be o(u). What is the highest common factor of 272 and v?
16
Let y be 23932/8 + (-27)/(-54) + (-2)/1. Calculate the greatest common divisor of y and 92.
46
Let h be (0 - 2*-57) + 16/(-4) + 2. Calculate the greatest common factor of h and 406.
14
Let d(v) = -v**2 + 10*v - 10. Let i be d(9). Let n = i + 30. Let j = -25 + n. What is the highest common factor of 16 and j?
4
Let y be (-897)/(-3) + 9/(-3). Let j = 187 - 184. Let d be 10/(-15) + y/j. What is the highest common factor of d and 14?
14
Suppose 7*b - 649 - 219 = 0. Let n = b + -121. Suppose n*l = -f + 252, l + 4*f + 84 = 2*l. Calculate the highest common divisor of l and 28.
28
Let c(w) = -w**3 + 2*w**2 + 15*w + 276. Let g be c(0). Calculate the greatest common factor of 708 and g.
12
Suppose 5*i + 20 = 0, -i = -7*p + 12*p - 146. Suppose 606*c + p = 611*c. What is the greatest common factor of c and 10?
2
Let g be (-4)/(-14) - ((-3168)/28)/3. Let x(f) = 14*f + 0*f**2 - g + 6 - f**2. Let h be x(10). Calculate the highest common factor of 2 and h.
2
Let v(z) = -z**3 + 47*z**2 - 206*z + 222. Let k be v(42). What is the highest common factor of k and 3?
3
Let n = 4098 + -3925. What is the highest common divisor of 1384 and n?
173
Suppose 0 = 2*t - 32*f + 29*f - 119, -5*f - 231 = -4*t. Let k = -19 + 20. What is the highest common factor of k and t?
1
Suppose 0 = -7*u + 12*u - 7*t - 19322, 0 = -3*u - 5*t + 11630. What is the greatest common divisor of u and 45?
45
Let j(p) = 3*p - 8. Let q be j(18). Let f = q - 16. Suppose -f = -6*v + v. What is the highest common factor of 2 and v?
2
Let r(k) = -4*k**3 - k. Let o be r(-1). Suppose i = -i + o*g + 19, -5*g = 5*i - 100. What is the greatest common divisor of i and 2?
1
Suppose 0 = r + r - 28. Suppose -g + r = 2*v, g - 3*v + 10 = v. Let s be (-2)/(-5) - (-48)/30. What is the greatest common factor of g and s?
2
Let u be (-4)/(-7)*(-21)/(-2). Let p be (-273)/(-63) - (-1)/(-3). What is the greatest common factor of p and u?
2
Let v be (-312)/140*-28 - 1*(-4)/(-10). What is the greatest common factor of 713 and v?
31
Let h(n) = n**3 - 11*n**2 - 116*n + 26. Let m be h(19). What is the highest common divisor of m and 10?
10
Let q be (3*1 - 0)/(1083/5776). What is the greatest commo